14
1886
-57 (base 12) to base 5
-232
Convert 2221 (base 5) to base 7.
623
What is -10011010111 (base 2) in base 5?
-14424
Convert -1111111110011 (base 2) to base 9.
-12187
What is -4561 (base 7) in base 16?
-67c
Convert -c127 (base 16) to base 7.
-264106
304100 (base 5) to base 3
111120200
Convert 22041 (base 5) to base 13.
900
What is -10220110 (base 3) in base 5?
-42342
Convert 10012201 (base 3) to base 4.
210211
Convert 17243 (base 8) to base 12.
4657
Convert 144 (base 9) to base 8.
171
-30222 (base 5) to base 16
-791
Convert -2323 (base 16) to base 11.
-6838
What is 133 (base 13) in base 8?
323
-1499 (base 14) to base 12
-2153
What is 53142 (base 7) in base 8?
31471
What is -743b (base 13) in base 7?
-64645
-5a16 (base 11) to base 9
-11727
What is 853 (base 14) in base 2?
11001101001
Convert 120110 (base 3) to base 13.
261
Convert -30501 (base 9) to base 6.
-233001
Convert 53022 (base 8) to base 14.
805c
What is 10021202010 (base 3) in base 6?
1215303
4098 (base 12) to base 4
1231310
What is -336 (base 9) in base 4?
-10110
-10011110001101 (base 2) to base 15
-3000
21ee (base 16) to base 15
2891
Convert 333 (base 10) to base 9.
410
Convert -131111 (base 4) to base 8.
-3525
Convert 1304 (base 8) to base 9.
866
What is 383 (base 9) in base 3?
102210
-1150 (base 10) to base 11
-956
Convert -10011001011 (base 2) to base 13.
-735
-2738 (base 12) to base 16
-119c
What is 14e7 (base 16) in base 10?
5351
-23174 (base 9) to base 10
-15457
-6573 (base 8) to base 14
-1387
What is 206a2 (base 11) in base 4?
13112220
-332 (base 7) to base 6
-442
Convert 7243 (base 9) to base 12.
30a0
-1051 (base 16) to base 14
-1745
Convert -176b4 (base 12) to base 14.
-c488
-164126 (base 7) to base 10
-32654
Convert 31433 (base 5) to base 8.
4106
Convert 1e2 (base 15) to base 5.
3222
-407 (base 10) to base 4
-12113
What is -13651 (base 7) in base 12?
-2214
What is a1 (base 12) in base 6?
321
What is -34034 (base 5) in base 14?
-c30
-1031 (base 4) to base 11
-70
1620 (base 13) to base 9
4386
Convert 134 (base 16) to base 5.
2213
Convert 11b2 (base 14) to base 4.
300120
What is 751 (base 14) in base 8?
2643
6da0 (base 15) to base 3
1011222220
What is 5265 (base 7) in base 6?
12340
What is -5cc (base 14) in base 2?
-10010001000
What is 232220 (base 6) in base 3?
1000101010
Convert 21302 (base 4) to base 12.
442
What is -20a (base 12) in base 10?
-298
What is -10135 (base 6) in base 16?
-54b
-1222 (base 6) to base 11
-255
Convert 312310 (base 4) to base 16.
db4
What is -884 (base 10) in base 4?
-31310
Convert -14260 (base 7) to base 14.
-15d7
What is 1d6 (base 14) in base 13?
237
Convert 4245 (base 7) to base 12.
a53
-100021 (base 4) to base 9
-1367
Convert -4000 (base 14) to base 11.
-8279
Convert -5902 (base 10) to base 2.
-1011100001110
417 (base 8) to base 2
100001111
210211 (base 3) to base 8
1115
What is 1a8a (base 15) in base 7?
22531
c221 (base 15) to base 14
10d13
-13836 (base 11) to base 3
-222221110
-2641 (base 9) to base 14
-a17
What is -1094 (base 11) in base 7?
-4116
3373 (base 15) to base 8
25234
What is -565 (base 9) in base 7?
-1232
Convert -212021 (base 3) to base 11.
-521
-2002212 (base 3) to base 13
-911
What is -461 (base 9) in base 16?
-17b
Convert -13021 (base 6) to base 16.
-7a5
What is 1412 (base 6) in base 10?
368
What is -2100 (base 5) in base 6?
-1135
Convert b1 (base 15) to base 11.
141
Convert -6ba6 (base 13) to base 14.
-5761
What is 8b25 (base 15) in base 6?
344342
-5ac (base 13) to base 16
-3db
-385 (base 10) to base 13
-238
What is -89a (base 13) in base 8?
-2707
Convert 22200 (base 8) to base 6.
111132
Convert 11111101001 (base 2) to base 11.
1581
104 (base 14) to base 11
172
Convert -4728 (base 10) to base 13.
-21c9
What is 224 (base 11) in base 13?
178
What is 27224 (base 10) in base 3?
1101100022
-34248 (base 10) to base 14
-c6a4
-410 (base 9) to base 3
-110100
-550 (base 11) to base 15
-2e0
Convert 7545 (base 8) to base 3.
12101222
131101 (base 5) to base 15
17d6
What is -6206 (base 11) in base 15?
-268e
Convert -4120 (base 5) to base 8.
-1027
What is 3406 (base 7) in base 2?
10011001111
Convert 5400 (base 8) to base 15.
c7b
103403 (base 5) to base 9
4843
What is -235 (base 8) in base 10?
-157
What is 7438 (base 13) in base 8?
37346
100101100 (base 2) to base 4
10230
Convert 51a1 (base 12) to base 2.
10001011001001
What is -11000110100 (base 2) in base 3?
-2011211
2033 (base 7) to base 12
4b2
What is 22612 (base 7) in base 12?
3427
Convert -10102011 (base 3) to base 11.
-1962
-3c5c (base 15) to base 14
-49c4
What is -4371 (base 10) in base 9?
-5886
Convert -499 (base 12) to base 14.
-377
-1000211002 (base 3) to base 14
-7567
Convert -1013101 (base 4) to base 2.
-1000111010001
What is -1000111010 (base 2) in base 8?
-1072
Convert 12001122 (base 3) to base 16.
e69
Convert 4435 (base 7) to base 11.
121a
What is 413 (base 10) in base 5?
3123
Convert -3 (base 5) to base 6.
-3
-14b4 (base 13) to base 9
-4125
Convert -960 (base 12) to base 15.
-613
Convert -1251155 (base 6) to base 9.
-114548
1bb3 (base 14) to base 12
2b15
Convert -9a58 (base 13) to base 11.
-151a9
What is a67 (base 13) in base 11?
1374
Convert -654 (base 15) to base 9.
-1857
Convert -10220 (base 3) to base 6.
-253
-54 (base 13) to base 4
-1011
Convert 7257 (base 12) to base 15.
3a51
Convert -131 (base 11) to base 7.
-311
-4711 (base 9) to base 12
-2031
Convert 55309 (base 11) to base 4.
103211220
What is -cd0 (base 14) in base 4?
-213212
2d70 (base 14) to base 4
1333012
-20140 (base 10) to base 12
-b7a4
Convert -44162 (base 8) to base 15.
-5766
Convert 21332 (base 4) to base 3.
212122
-45254 (base 6) to base 4
-1203202
Convert 125250 (base 6) to base 5.
332200
13020 (base 4) to base 12
320
Convert 42b (base 12) to base 5.
4421
What is 1cd (base 16) in base 4?
13031
95b (base 12) to base 2
10101010111
What is 122 (base 16) in base 15?
145
What is -f72 (base 16) in base 9?
-5373
What is -4246 (base 8) in base 11?
-1733
What is -4232 (base 5) in base 9?
-700
Convert 487 (base 12) to base 6.
3051
What is 7366 (base 10) in base 11?
5597
Convert 6695 (base 10) to base 6.
50555
372 (base 9) to base 15
158
Convert 4511 (base 10) to base 13.
2090
-365 (base 8) to base 12
-185
Convert -1268 (base 9) to base 8.
-1671
Convert 31224 (base 5) to base 7.
6006
What is -11011101022 (base 3) in base 10?
-81926
101620 (base 7) to base 2
100010000110010
Convert 100002122 (base 3) to base 10.
6632
What is -27d1 (base 14) in base 7?
-26351
What is -9012 (base 10) in base 16?
-2334
What is 660 (base 12) in base 3?
1021200
Convert -1113231 (base 4) to base 15.
-19e3
12954 (base 12) to base 6
314144
1269 (base 13) to base 6
20050
What is 15438 (base 9) in base 11?
7a35
Convert -12020012 (base 3) to base 13.
-1973
Convert -101000000011111 (base 2) to base 9.
-31120
-371a (base 12) to base 6
-44434
-87417 (base 9) to base 10
-57931
Convert 111032 (base 4) to base 10.
1358
Convert 2032432 (base 5) to base 7.
166434
Convert -5c0 (base 14) to base 6.
-5152
-144103 (base 6) to base 14
-50a3
What is 1a73 (base 13) in base 5?
111411
Convert 4924 (base 13) to base 9.
15157
-2310030 (base 4) to base 13
-5331
What is -1c4f (base 16) in base 2?
-1110001001111
What is -1e9 (base 15) in base 12?
-310
-4340 (base 5) to base 8
-1123
What is -68b (base 13) in base 11?
-937
What is -3125 (base 11) in base 6?
-31101
Convert 4266 (base 8) to base 4.
202312
3013 (base 6) to base 5
10112
-1205 (base 6) to base 15
-148
Convert 144220 (base 5) to base 15.
1c75
What is -31331303 (base 4) in base 16?
-df73
Convert -1013311 (base 4) to base 14.
-1965
Convert -244154 (base 7) to base 5.
-2412203
Convert 156b1 (base 13) to base 5.
2300304
What is 9e3 (base 16) in base 11?
19a1
What is 6539 (base 10) in base 4?
1212023
Convert d14d (base 16) to base 14.
15753
Convert -2e4e (base 16) to base 8.
-27116
11682 (base 9) to base 10
7850
Convert 14936 (base 10) to base 4.
3221120
-11c2 (base 13) to base 5
-40044
What is -16a09 (base 14) in base 11?
-39791
What is -12200 (base 8) in base 6?
-40144
-1011103 (base 5) to base 8
-40023
Convert -40443 (base 5) to base 14.
-d55
What is 17757 (base 9) in base 12?
7137
What is -13c (base 16) in base 13?
-1b4
1b56 (base 13) to base 4
1000133
What is -26165 (base 7) in base 16?
-1b2c
What i